-5 + 8. Let r(a) = -a**2 - 15*a + 36. Let v be r(-17). Let l(d) = -2 - 3*d + 21*d**v - 8*d**2 - 14*d**2. What is l(x)?
-20
Suppose -4*h = -z + 19, 2*z + 4*h - 119 = -3*z. Suppose 37*l + 42 = z*l. Let u(i) = 2 - 3 + i + 3. Determine u(l).
-1
Let a(z) = z**2 - 11*z - 11. Let n be a(12). Let d(b) be the second derivative of -1/6*b**3 + 0*b**2 + 0 + 7*b. Give d(n).
-1
Let b(z) be the first derivative of -2*z**2 - 29*z - 1145. Calculate b(-9).
7
Let t(d) = -2*d + 13. Let y(m) = -m**3 - 5*m**2 + 119*m + 486. Let l be y(-4). Give t(l).
25
Let t(f) = 2*f**2 - 32*f + 127. Let y be t(4). Suppose -5*r - 27 = p, 0 = 2*r - p - y + 46. Let k(v) = v**2 + 3*v - 5. Calculate k(r).
13
Let b(i) = 3*i**2 + 16*i - 19. Let j(c) = -8*c**2 - 41*c + 57. Let w(m) = 11*b(m) + 4*j(m). Give w(-10).
-1
Let q(z) = -5*z**3 + 1. Let u(o) = -3*o - 21. Let b be u(-8). Let w(p) = -4 + 12*p**2 + 6*p + p**b - 7*p**2 - 11*p**2. Let s be w(5). Give q(s).
-4
Let j(i) be the second derivative of i**5/20 - i**4/2 + i**3/2 - 7*i**2/2 + 3*i. Suppose -165 = -12*p + p. Let a = -10 + p. Calculate j(a).
-17
Let k = 104340 - 104331. Let f(a) be the first derivative of 2*a**3/3 - 9*a**2 + 5*a - 1. Give f(k).
5
Suppose 0 = 4*t + 4*f, -8 = -5*t + 4*f - 7*f. Let m(k) = 2*k**2 - k - 21. Calculate m(t).
7
Let v(y) = -y + 1. Suppose 2*o - 1 = -3. Let m(x) be the first derivative of -x**3/3 - 5*x**2/2 + 8*x + 5740. Let u(z) = o*m(z) + 3*v(z). Determine u(-5).
10
Let m(p) = -p**3 - 20*p**2 - 21*p + 33. Let a(q) = 6*q**3 + 101*q**2 + 105*q - 164. Let r(g) = 2*a(g) + 11*m(g). What is r(19)?
-3
Let s(x) be the second derivative of 33*x + 0 - 1/3*x**3 + 3/2*x**2. Calculate s(3).
-3
Let i(k) = 2*k**2 + 68*k + 67. Suppose -r - 4*p - 57 = 0, 37*p - 39*p + 153 = -5*r. Give i(r).
1
Let z(i) = i**3 + 7*i**2 - 11*i - 120. Let a be z(-6). Let w(u) = -3*u - 52. Determine w(a).
2
Suppose -5*s - 47 = -117. Let o(i) = 16 + s - 26 + i. Calculate o(7).
11
Suppose -3*y + 23 = -5*v, v - 3*v - 4*y = 4. Let o be (-3)/(-6) + 26/v. Let i(z) = -z**3 - 41*z - 11*z**2 + 30*z**2 - 14*z**2 - 13*z**2 + 33*z. Determine i(o).
-24
Suppose 5*x + 3*s = 21, 2*x - 3 = s + 1. Let i = 1 - -1. Let k(y) = -9*y**2 + x*y - 3*y**2 - y**2 + 12*y**i. Calculate k(5).
-10
Let i(s) = -86 - 197*s + 2*s**3 - 31*s**2 - 82 + 182*s + 155. Give i(16).
3
Suppose j + 0 = 2, -3*m = -2*j + 4. Let q(z) = 50 + m*z + z**2 - 28 + 6*z - 19. What is q(-5)?
-2
Let r(h) = 18*h - 66. Let m(n) = 34*n - 156. Let z(l) = -2*m(l) + 5*r(l). What is z(3)?
48
Suppose 3*g + 0 - 27 = 0. Let c(s) be the third derivative of s**5/60 - 7*s**4/24 - 3*s**3/2 + 6266*s**2. What is c(g)?
9
Let d(r) be the third derivative of -r**6/240 - 5*r**5/24 + 17*r**4/3 + 32*r**2 + 1. Let w(c) be the second derivative of d(c). Determine w(-10).
5
Let k(q) = 3*q**2 - 3*q + 1. Suppose 20*b + 176 = 31*b. Let j be 3 - (14/10 - b/40). Determine k(j).
7
Suppose 3*p = -7*k + 2*k - 96, 0 = 5*p - 3*k + 92. Let g(n) = -n**3 - 23*n**2 - 25*n - 47. What is g(p)?
19
Let j = 7 + -4. Let c(b) be the first derivative of b - 5/2*b**2 + 47. What is c(j)?
-14
Let k(s) = 95 - s + s**3 - 95 - 3*s**2. Suppose 2*o + 1 = 3*o - 5*a, 4 = 2*a. Suppose d = -7 + o. What is k(d)?
12
Let b(n) = 388*n**3 - 22*n + 378*n**3 + 23*n - 765*n**3 + 2*n**2. What is b(-2)?
-2
Let h(b) be the first derivative of b**4/4 + 25*b**3/3 + 12*b**2 - 5*b - 35. Let s be h(-24). Let x(m) = 4*m - 5*m + 2*m + 9. Calculate x(s).
4
Let i be -48*(3 - 2/(-4)). Let c = i + 170. Let f(v) = -6*v**3 + 2*v. Let q(u) = 7*u**3 - 3*u. Let a(k) = 5*f(k) + 4*q(k). What is a(c)?
-20
Let g(c) = 7*c - 76. Suppose 37*o = -21*o + 567 + 187. Give g(o).
15
Let k(n) be the first derivative of n**4/4 - 13*n**3/3 + 7*n**2/2 - 86*n + 5822. What is k(13)?
5
Suppose 21*h - 16*h = 10. Let s(f) = -3*f + f**3 - 3*f + f**2 + 4*f**h + f**2 + 8. What is s(-7)?
1
Let v(j) = -22*j + 238. Let g(h) = -67*h + 673. Let z(r) = 4*g(r) - 11*v(r). Determine z(2).
22
Let k be (2 - (-5)/(-10)) + 442/(-68). Let s(u) = -9*u - 41. Calculate s(k).
4
Suppose 44 + 648 = -90*j - 298. Let u(d) = -9*d + 44 - 12*d - d**2 + 9*d**2. Let q(c) = 3*c**2 - 7*c + 15. Let o(s) = j*q(s) + 4*u(s). What is o(-9)?
-7
Let w(v) = -v**2 - 3*v - 2. Let n be w(-1). Suppose -4*z = -4*o + 8, 2*o = -z - n*o - 17. Let f(d) = -d**3 - 8*d**2 - 5*d + 2. Calculate f(z).
-12
Let i(q) = -4*q**3 + 7*q**2 + 10*q + 3. Let v(c) = -c**3 + 4*c**2 + 3*c - 1. Let l(t) = -i(t) + v(t). Give l(-2).
-26
Let u(j) be the first derivative of j**2/2 + 17*j + 44902. Let v = 4 - 1. Suppose -2*y + 5*y - g + 28 = 0, -v*y = -3*g + 36. Determine u(y).
9
Let g(k) = -k**2 + 27*k + 164. Let u = -2154 + 2149. Give g(u).
4
Let u(j) = j**2 - 6*j - 1. Let h(x) be the third derivative of 11/24*x**4 - 1/3*x**3 + 1/30*x**5 + 0 + 0*x - 15*x**2. Let f be h(-6). What is u(f)?
-9
Let m(v) = -2*v**2 - 34*v + 68. Let y be (-1715)/(-490)*(-1 + 4/7 + 1). What is m(y)?
-8
Let i be ((-15)/(-6) + -2)/((-87)/(-1218)). Let t(w) = -5*w + 38. Calculate t(i).
3
Let a(v) = 4*v**3 - v**2 + 2*v + 1. Let z(r) = 29*r**3 - 9*r**2 + 17*r + 4. Let o(w) = -7*a(w) + z(w). Determine o(2).
3
Let j(n) = -2*n - 8. Let h be j(-7). Let w = 147 - 153. Let t(c) = 15*c - 11. Let z(g) = -2*g + 1. Let v(y) = w*z(y) - t(y). Give v(h).
-13
Let f(m) = -2814*m**2 - 37 + 30*m - 2 + 2813*m**2. Determine f(29).
-10
Let j(z) = 7*z**2 - 6*z + 3. Let a(t) be the third derivative of -3*t**5/20 + t**4/4 - 2*t**3/3 - 31*t**2. Let o(n) = -3*a(n) - 4*j(n). Determine o(5).
5
Let c(t) be the second derivative of -5*t**3/6 - 16*t**2 + 310*t. What is c(-6)?
-2
Let d be (-3)/6*(-1 + 1). Let x(i) = -3*i**2 + 43*i + 68. Let m(l) = 4*l**2 - 64*l - 78. Let z(p) = -2*m(p) - 3*x(p). Determine z(d).
-48
Let d(s) = 139*s - 37*s - 45*s - 50*s - 153. What is d(22)?
1
Suppose 3*u - 30 = 21. Let s(g) = -g**2 + 7*g - 4. Let m be s(6). Let y(b) = u*b**2 + 2*b - 18*b**2 + 2*b - 3 - m. Calculate y(4).
-5
Let l(c) be the third derivative of 21*c**6/40 + c**4/24 + c**3/6 + c**2 - 119*c - 2. Calculate l(-1).
-63
Let f = -5 - -7. Suppose f*k + 3*t + 105 = -3*k, -5*k = 4*t + 105. Let l = 29 + k. Let q(y) = -y. What is q(l)?
-8
Let l(w) = -5*w - 19. Let g(c) = 5*c**3 + 151*c**2 - 126*c - 69. Let j be g(-31). Calculate l(j).
16
Let i(g) = -g**2 + 7*g + 3. Let v(x) = 23*x + 7. Let k be v(1). Suppose 16 = 32*t - k*t. Give i(t).
-5
Let g = -460 + 308. Let z = -168 - g. Let m(s) = -2*s - 29. What is m(z)?
3
Let d be (-8)/(-60) + 32922/135. Let h = d - 242. Let z(o) = -o**2 - 3*o + 3. Determine z(h).
-7
Let v(k) = -41 + 7*k**2 - 5*k**2 + 46 - k**2 - 10*k + k**2. Determine v(7).
33
Let t(m) = -2 + 4*m - 2 + 0. Let l = 2024 - 2021. Determine t(l).
8
Let h(y) be the second derivative of 4*y**3/3 + 7*y**2/2 + y - 51. Let d(z) = 5*z + 3. Let s(b) = 5*d(b) - 3*h(b). Let v be (-1)/((-11)/(-5) - 2). Give s(v).
-11
Suppose -6*h + 26*h = -20. Let t be -9*(h - 2/(-3)). Let d(f) = -4*f + 2. Determine d(t).
-10
Let v(g) = g**3 + 10*g**2 + 17*g + 20. Let n be v(-2). Let m(z) be the first derivative of 3/2*z**2 - z + n + 1/4*z**4 - z**3. What is m(2)?
1
Let z(t) = 81*t + 250. Let y(x) = -7*x - 23. Let p(k) = -23*y(k) - 2*z(k). Calculate p(13).
16
Let t(i) = 2914*i - 1458*i - 3 + 1 + 3 - 1448*i. Let k = -2 + 3. Let o be -1 + 3 + -4 + k. Determine t(o).
-7
Let h(s) = 21*s**3 - 2*s**2 - s + 2. Let m be (-6)/(-7) + (-4)/(-28). What is h(m)?
20
Let r = -25640 + 25638. Let j(y) = 10*y**3 + 2*y**2 - y - 1. Give j(r).
-71
Suppose -17*v - 2564 = 3182. Let l = v + 331. Let h(s) = -s**3 - 6*s**2 + 8*s - 4. What is h(l)?
-11
Let n(d) = d**3 + 4*d**2 + d + 5. Suppose 0 = -3*c + 318 + 51. Suppose -8*x - c = -91. Determine n(x).
1
Suppose 15 = 2*l + 17, 2*i - 13 = 3*l. Suppose -5*k + 3*p = -40, i*k + 2*p = -p + 10. Let r(c) = c + 4. What is r(k)?
9
Suppose -a = -4*d + 13 - 4, 3 = 3*a - 2*d. Let t(x) = x**2 + 6. What is t(a)?
15
Suppose t + 2 = -2*n, -4*n + 22*t = 17*t - 10. Let h(q) be the second derivative of -q**4/12 + q**3/6 + 11*q**2/2 + 9*q. Give h(n).
11
Suppose 0 = 2*c + 3*n - 5*n + 10, 5*c = -n - 19. Let j(d) = d**2 - d + 1. Let t(f) = 3*f**2 - 8*f + 4. Let z(m) = -4*j(m) + t(m). Give z(c).
0
Let c(u) = 7*u**3 - 8*u - 18. Let w(x) = 87*x**2 + 14*x - 9*x**3 + 35 - 88*x**2 - 4*x**3. Let n(h) = 11*c(h) + 6*w(h). Give n(-5).
7
Suppose 2929*n + 1900 = 2879*n. Let q(j)